{"id":2533,"date":"2017-12-05T15:25:06","date_gmt":"2017-12-05T17:25:06","guid":{"rendered":"http:\/\/www.encontrasantoandre.com.br\/noticias\/?page_id=2533"},"modified":"2025-10-03T17:32:08","modified_gmt":"2025-10-03T19:32:08","slug":"sobre-santo-andre","status":"publish","type":"page","link":"https:\/\/www.encontrasantoandre.com.br\/sobre\/","title":{"rendered":"Sobre Santo Andr\u00e9"},"content":{"rendered":"<div class=\"4fdc6fbb32335ae240758d21e215a0e4\" data-index=\"1\" style=\"float: none; margin:0px;\">\n<!-- Anuncio display - global -->\r\n<ins class=\"adsbygoogle\"\r\n     style=\"display:block\"\r\n     data-ad-client=\"ca-pub-8585364105181520\"\r\n     data-ad-slot=\"8789329856\"\r\n     data-ad-format=\"auto\"\r\n     data-full-width-responsive=\"true\"><\/ins>\r\n<script>\r\n     (adsbygoogle = window.adsbygoogle || []).push({});\r\n<\/script>\n<\/div>\n<h2>Cidades de S\u00e3o Paulo:<br \/>\nLimites &#8211; Cidades Vizinhas &#8211; Grande ABCD<\/h2>\n<p><img loading=\"lazy\" decoding=\"async\" class=\"alignleft size-full wp-image-2534\" src=\"https:\/\/www.encontrasantoandre.com.br\/noticias\/wp-content\/uploads\/2017\/12\/mapa-abc.gif\" alt=\"\" width=\"281\" height=\"242\" \/><a title=\"ABCD\" href=\"https:\/\/www.encontraabcd.com.br\/\" target=\"_blank\" rel=\"noopener noreferrer\">ABCD<\/a><br \/>\n<a title=\"Rio Grande da Serra\" href=\"https:\/\/www.encontrariograndedaserra.com.br\/\" target=\"_blank\" rel=\"noopener noreferrer\">Rio Grande da Serra<\/a><br \/>\n<a title=\"Ribeir\u00e3o Pires\" href=\"https:\/\/www.encontraribeiraopires.com.br\/\" target=\"_blank\" rel=\"noopener noreferrer\">Ribeir\u00e3o Pires<\/a><br \/>\n<a title=\"Mau\u00e1\" href=\"https:\/\/www.encontramaua.com.br\/\" target=\"_blank\" rel=\"noopener noreferrer\">Mau\u00e1<\/a><br \/>\n<a title=\"S\u00e3o Caetano do Sul\" href=\"https:\/\/www.encontrasaocaetano.com.br\/\" target=\"_blank\" rel=\"noopener noreferrer\">S\u00e3o Caetano do Sul<\/a><br \/>\n<a title=\"S\u00e3o Bernardo\" href=\"https:\/\/www.encontrasaobernardo.com.br\/\" target=\"_blank\" rel=\"noopener noreferrer\">S\u00e3o Bernardo<\/a><br \/>\n<a title=\"Santo Andr\u00e9\" href=\"https:\/\/www.encontrasantoandre.com.br\/\">Santo Andr\u00e9<br \/>\n<\/a><a title=\"Diadema\" href=\"https:\/\/www.encontradiadema.com.br\/\">Diadema<\/a><\/p>\n<p>&nbsp;<\/p>\n<p>&nbsp;<\/p>\n<h2>Pontos Tur\u00edsticos<\/h2>\n<p><img loading=\"lazy\" decoding=\"async\" class=\"alignleft size-full wp-image-2535\" src=\"https:\/\/www.encontrasantoandre.com.br\/noticias\/wp-content\/uploads\/2017\/12\/estadio-municipal-bruno-jose-daniel-small.gif\" alt=\"\" width=\"119\" height=\"135\" \/> <img loading=\"lazy\" decoding=\"async\" class=\"alignleft size-medium wp-image-2536\" src=\"https:\/\/www.encontrasantoandre.com.br\/noticias\/wp-content\/uploads\/2017\/12\/abc-plaza-shopping-em-santo-andre-small.jpg\" alt=\"\" width=\"119\" height=\"136\" \/><\/p>\n<p><em><strong>Destaque<\/strong><\/em><\/p>\n<p><strong>Est\u00e1dio Municipal Bruno Jos\u00e9 Daniel<\/strong><br \/>\nfoi inaugurado em 1969, mas recebeu o nome atual em 1973, em homenagem ao pai do ex-prefeito de E.C. Santo Andr\u00e9, Celso Daniel.<\/p>\n<p>&nbsp;<\/p>\n<h3>Dados Principais sobre a Cidade de Santo Andr\u00e9<\/h3>\n<div id=\"attachment_2537\" style=\"width: 191px\" class=\"wp-caption alignleft\"><img loading=\"lazy\" decoding=\"async\" aria-describedby=\"caption-attachment-2537\" class=\"size-full wp-image-2537\" src=\"https:\/\/www.encontrasantoandre.com.br\/noticias\/wp-content\/uploads\/2017\/12\/bandeira-santo-andre.jpg\" alt=\"\" width=\"181\" height=\"129\" srcset=\"https:\/\/www.encontrasantoandre.com.br\/sobre\/wp-content\/uploads\/2017\/12\/bandeira-santo-andre.jpg 181w, https:\/\/www.encontrasantoandre.com.br\/sobre\/wp-content\/uploads\/2017\/12\/bandeira-santo-andre-211x150.jpg 211w\" sizes=\"auto, (max-width: 181px) 100vw, 181px\" \/><p id=\"caption-attachment-2537\" class=\"wp-caption-text\">Bandeira de Santo Andr\u00e9<\/p><\/div>\n<div id=\"attachment_2538\" style=\"width: 114px\" class=\"wp-caption alignleft\"><img loading=\"lazy\" decoding=\"async\" aria-describedby=\"caption-attachment-2538\" class=\"size-full wp-image-2538\" src=\"https:\/\/www.encontrasantoandre.com.br\/noticias\/wp-content\/uploads\/2017\/12\/brasao-santo-andre.jpg\" alt=\"\" width=\"104\" height=\"119\" \/><p id=\"caption-attachment-2538\" class=\"wp-caption-text\">Bras\u00e3o de Santo Andr\u00e9<\/p><\/div>\n<p><strong>Anivers\u00e1rio :<\/strong> 8 de Abril<br \/>\n<strong>Funda\u00e7\u00e3o:<\/strong> 1553<br \/>\n<strong>Gent\u00edlico:<\/strong> Andreense<br \/>\n<strong>\u00c1rea:<\/strong> 174,840 Km\u00b2<br \/>\n<strong>Popula\u00e7\u00e3o<\/strong> 707.613 hab. (2014)<br \/>\n<strong>IDH<\/strong> 0,835 &#8211; elevado<br \/>\n<a href=\"https:\/\/www.prefeituradesantoandre.org\" target=\"_blank\" rel=\"noopener noreferrer\"><strong>Prefeitura Santo Andr\u00e9<\/strong><\/a><\/p>\n<h2>Moradores ilustres de Santo Andr\u00e9<\/h2>\n<p><iframe loading=\"lazy\" style=\"border: none; overflow: hidden; width: 100%; height: 252px;\" src=\"https:\/\/www.facebook.com\/plugins\/likebox.php?href=http%3A%2F%2Fwww.facebook.com%2Fsantoandresp&amp;width=520&amp;colorscheme=light&amp;show_faces=true&amp;stream=false&amp;header=false&amp;height=252\" width=\"300\" height=\"150\" frameborder=\"0\" scrolling=\"No\"><\/iframe><\/p>\n<h2>Hist\u00f3ria de Santo Andr\u00e9<\/h2>\n<p><img loading=\"lazy\" decoding=\"async\" width=\"562\" height=\"195\" class=\"alignnone size-full wp-image-2540\" style=\"width: 100%; height: auto;\" src=\"https:\/\/www.encontrasantoandre.com.br\/sobre\/wp-content\/uploads\/2017\/12\/cidade-santo-andre.jpg\" alt=\"\" srcset=\"https:\/\/www.encontrasantoandre.com.br\/sobre\/wp-content\/uploads\/2017\/12\/cidade-santo-andre.jpg 562w, https:\/\/www.encontrasantoandre.com.br\/sobre\/wp-content\/uploads\/2017\/12\/cidade-santo-andre-300x104.jpg 300w\" sizes=\"auto, (max-width: 562px) 100vw, 562px\" \/><br \/>\n<strong>Santo Andr\u00e9<\/strong> \u00e9 um munic\u00edpio brasileiro localizado na Regi\u00e3o Metropolitana de S\u00e3o Paulo, integrando um grupo de munic\u00edpios conhecidos como Regi\u00e3o do Grande ABC. Sua popula\u00e7\u00e3o estimada em 2008 foi de 671.696 habitantes. Ocupa uma \u00e1rea de 175 km\u00b2, o que resulta numa densidade demogr\u00e1fica de 3.816,52 hab\/km\u00b2.<\/p>\n<p><strong>Economia<\/strong><\/p>\n<p>Como ocorreu com a maior parte dos munic\u00edpios do ABC Paulista, regi\u00e3o \u00e0 qual a Cidade Santo Andr\u00e9 \u00e9 integrante, a partir da segunda metade dos anos 1980, a economia da regi\u00e3o que era marcada pela ind\u00fastria metal\u00fargica, come\u00e7ou a enfrentar outra realidade. Com a &#8220;guerra fiscal&#8221;, principalmente promovida por outras cidades do interior paulista, que ofereciam terrenos praticamente de gra\u00e7a e tributos bem menores, muitas empresas metal\u00fargicas come\u00e7aram a sair da cidade. A maior parte destas empresas de Santo Andr\u00e9 produzia componentes para montadoras automobil\u00edsticas da regi\u00e3o, como a Volkswagen, Scania, Ford, Mercedes-Benz, em S\u00e3o Bernardo do Campo, e General Motors, em S\u00e3o Caetano do Sul.<\/p>\n<p>Al\u00e9m do setor de autope\u00e7as, os de componentes para refrigera\u00e7\u00e3o, eletroeletr\u00f4nicos, e produtos de borracha, como pneus, tamb\u00e9m formavam a caracter\u00edstica industrial de Santo Andr\u00e9. Mas o cen\u00e1rio econ\u00f4mico de Santo Andr\u00e9, que se baseava na ind\u00fastria, mudou bastante. Outros fatores, al\u00e9m da guerra fiscal, tamb\u00e9m fizeram com que este cen\u00e1rio mudasse: m\u00e3o-de-obra mais barata em cidades do interior e mudan\u00e7a no perfil de consumo merecem destaque na an\u00e1lise da mudan\u00e7a do comportamento econ\u00f4mico de Santo Andr\u00e9.<\/p>\n<p>A partir dos anos 1990, o setor de com\u00e9rcio e servi\u00e7os come\u00e7ou a crescer e ser op\u00e7\u00e3o para o crescente desemprego na regi\u00e3o, no per\u00edodo transit\u00f3rio da ind\u00fastria para o setor de servi\u00e7os. V\u00e1rios galp\u00f5es de f\u00e1bricas tradicionais se transformaram em shopping centers, lojas de autom\u00f3veis e at\u00e9 mesmo grandes templos de igrejas evang\u00e9licas. Exemplos s\u00e3o o terreno da Black &amp; Decker, que atualmente \u00e9 o Grand Plaza Shopping, na avenida Industrial, Bairro Jardim; onde era a empresa metal\u00fargica Festo, hoje \u00e9 o supermercado Coop, na Avenida Pereira Barreto, Vila Gilda; o terreno antes ocupado pela KS Pist\u00f5es, tamb\u00e9m na Avenida Pereira Barreto, Bairro Para\u00edso, hoje \u00e9 um conjunto residencial de classe m\u00e9dia, entre outros v\u00e1rios exemplos.<\/p>\n<p>Uma maior abertura econ\u00f4mica ao capital externo, iniciada no governo de Fernando Collor de Mello e intensificada no governo de Fernando Henrique Cardoso, tamb\u00e9m contribuiu para a mudan\u00e7a do cen\u00e1rio econ\u00f4mico de Santo Andr\u00e9 e do ABC Paulista. Era mais vantajoso para grandes empresas e para o consumidor comum optar por produtos estrangeiros. Assim, muitas empresas metal\u00fargicas de componentes viram os lucros ca\u00edrem vertiginosamente.<\/p>\n<p><strong>Transporte<\/strong><\/p>\n<p>Por fazer limite com v\u00e1rias cidades do ABC Paulista e com a capital do estado de S\u00e3o Paulo, a cidade de Santo Andr\u00e9 foi obrigada a implantar um variado sistema de transporte coletivo, embora visto ainda como insuficiente pela popula\u00e7\u00e3o. Com a mudan\u00e7a do perfil econ\u00f4mico da cidade de Santo Andr\u00e9, com o fim do crescimento industrial, antes o emprego que era quase garantido na cidade, come\u00e7ou a ser buscado em outras cidades. Assim, foi necess\u00e1rio um implemento de uma rede maior de transporte intermunicipal. Basicamente, o sistema de transporte coletivo de Santo Andr\u00e9 \u00e9 formado por:<\/p>\n<ul>\n<li style=\"text-align: left;\">Rede de linhas municipais, operadas por empresas particulares e gerenciadas pela SA Trans.<\/li>\n<li style=\"text-align: left;\">Rede de linhas intermunicipais operada por empresas particulares e gerenciadas pela EMTU &#8211; Empresa Metropolitana de Transportes Urbanos &#8211; \u00f3rg\u00e3o do Governo do estado de S\u00e3o Paulo.<\/li>\n<li style=\"text-align: left;\">Rede de linhas intermunicipais seletivas operada por empresas particulares e tamb\u00e9m gerenciadas pela EMTU, mas com ve\u00edculos mais confort\u00e1veis e passagens mais caras.<\/li>\n<li style=\"text-align: left;\">Corredor ABD de tr\u00f3lebus: considerado um dos mais eficientes da regi\u00e3o, \u00f4nibus el\u00e9tricos, movidos a diesel ou h\u00edbridos, movidos a eletricidade e diesel ao mesmo tempo, ligam os terminais Santo Andr\u00e9 Oeste no primeiro subdistrito e Santo Andr\u00e9 Leste, no segundo subdistrito, \u00e0s Zonas Leste (S\u00e3o Mateus) e Sul (Jabaquara \/ Santo Amaro) da capital paulista e \u00e0s cidades de S\u00e3o Bernardo do Campo, Diadema e Mau\u00e1. S\u00e3o corredores exclusivos e pontos denominados.<\/li>\n<li style=\"text-align: left;\">Trens da Companhia Paulista de Trens Metropolitanos &#8211; que servem a linha 10 &#8211; &#8220;Turquesa&#8221; (antiga linha D). A linha tem interliga\u00e7\u00e3o com a linha 3 &#8211; Vermelha do Metr\u00f4 de S\u00e3o Paulo e com a linha 11 &#8211; Expresso Leste &#8211; Guaianases-Luz, na esta\u00e7\u00e3o Br\u00e1s, e com a linha 2 &#8211; Verde do Metr\u00f4 de S\u00e3o Paulo na Esta\u00e7\u00e3o Tamanduate\u00ed. A cidade de Santo Andr\u00e9 possui tr\u00eas esta\u00e7\u00f5es de trem em atividade (na ordem, sentido Br\u00e1s &#8211; Rio Grande da Serra): &#8220;Utinga&#8221;, &#8220;Prefeito Saladino&#8221; e &#8220;Prefeito Celso Daniel-Santo Andr\u00e9&#8221;.<\/li>\n<li style=\"text-align: left;\">Terminal Rodovi\u00e1rio de Santo Andr\u00e9 &#8211; recebe \u00f4nibus intermunicipais e interestaduais que servem o litoral norte, o litoral sul de S\u00e3o Paulo, cidades do interior paulista e estados de v\u00e1rias regi\u00f5es brasileiras, linhas administradas pela Artesp<\/li>\n<\/ul>\n<p><strong>Vias de acesso a outras cidades<\/strong><\/p>\n<p>Por pertencer a uma regi\u00e3o conurbada, ou seja, de habita\u00e7\u00e3o e uso cont\u00ednuos, muitas vezes com linhas &#8220;imagin\u00e1rias&#8221; de limite com outros munic\u00edpios e pelo fato de muitas pessoas que moram em Santo Andr\u00e9 trabalharem em outras cidades e vice-versa, o munic\u00edpio de Santo Andr\u00e9 foi obrigado a investir em vias r\u00e1pidas de acesso. Os principais acessos para Santo Andr\u00e9 de carro s\u00e3o:<\/p>\n<ul>\n<li>Avenida dos Estados, \u00e0s margens do rio Tamanduate\u00ed, que liga a regi\u00e3o central e a Zona Leste da cidade de S\u00e3o Paulo a Santo Andr\u00e9.<\/li>\n<li>Avenida Pereira Barreto, que liga Santo Andr\u00e9 a regi\u00e3o Central de S\u00e3o Bernardo do Campo e a <a href=\"https:\/\/www.encontrasantoandre.com.br\/sobre\/rodovia-anchieta-em-santo-andre\/\">rodovia Anchieta<\/a>.<\/li>\n<li>Avenida Dom Pedro II, que liga Santo Andr\u00e9 a regi\u00e3o Central de S\u00e3o Caetano do Sul.<\/li>\n<li>Perimetral (Av. Coronel Alfredo Fl\u00e1quer &#8211; Av. Santos Dumont &#8211; Av. Giovanni Battista Pirelli), que liga a regi\u00e3o Central de Mau\u00e1.<\/li>\n<li>Rua Orat\u00f3rio, que liga a zona Leste de S\u00e3o Paulo ao segundo subdistrito de Santo Andr\u00e9.<\/li>\n<li>Avenida Prestes Maia, que liga a regi\u00e3o do Bairro Campestre a S\u00e3o Bernardo do Campo e a rodovia Anchieta.<\/li>\n<li>Avenida Atl\u00e2ntica, que liga Santo Andr\u00e9 a S\u00e3o Bernardo do Campo (regi\u00e3o do Rudge Ramos)<\/li>\n<li>Rua dos Vianas, que liga S\u00e3o Bernardo \u00e0 regi\u00e3o da Vila Luzita, avenida S\u00e3o Bernardo do Campo e rua Carij\u00f3s, em Santo Andr\u00e9<\/li>\n<li>Avenida Valentim Magalh\u00e3es, que liga o Bairro Sert\u00e3ozinho e o Rodoanel Mario Covas em Mau\u00e1 a regi\u00e3o do Condom\u00ednio Maracan\u00e3 em Santo Andr\u00e9<\/li>\n<\/ul>\n<p>Al\u00e9m disso, Santo Andr\u00e9 \u00e9 servida pelas seguintes rodovias:<\/p>\n<ul>\n<li><a href=\"https:\/\/www.rodoanel.org\" target=\"_blank\" rel=\"noopener noreferrer\">Rodoanel M\u00e1rio Covas<\/a> (SP-21) &#8211; atravessa Santo Andr\u00e9 no sentido leste-oeste, sem permitir acesso direto ao munic\u00edpio.<\/li>\n<li>Rodovia \u00cdndio Tibiri\u00e7\u00e1 (SP-31) &#8211; atravessa o sul do munic\u00edpio no sentido oeste-leste, e liga Santo Andr\u00e9 \u00e0 Via Anchieta e a Suzano.<\/li>\n<li>Rodovia SP-122 &#8211; liga o Distrito de Paranapiacaba a Ribeir\u00e3o Pires, cortando parte de Santo Andr\u00e9 no sentido norte-sul.<\/li>\n<\/ul>\n<p>Para homenagear a comunidade de moradores desta maravilhosa cidade, o <a href=\"https:\/\/www.encontrasaopaulo.com.br\" target=\"_blank\" rel=\"noopener noreferrer\">Encontra S\u00e3o Paulo<\/a> criou o <a href=\"https:\/\/www.encontrasantoandre.com.br\">Encontra Santo Andr\u00e9<\/a>.<\/p>\n\n<div style=\"font-size: 0px; height: 0px; line-height: 0px; margin: 0; padding: 0; clear: both;\"><\/div>","protected":false},"excerpt":{"rendered":"<p>Cidades de S\u00e3o Paulo: Limites &#8211; Cidades Vizinhas &#8211; Grande ABCD ABCD Rio Grande da Serra Ribeir\u00e3o Pires Mau\u00e1 S\u00e3o Caetano do Sul S\u00e3o Bernardo Santo Andr\u00e9 Diadema &nbsp; &nbsp; Pontos Tur\u00edsticos Destaque Est\u00e1dio Municipal Bruno Jos\u00e9 Daniel foi inaugurado em 1969, mas recebeu o nome atual em 1973, em homenagem ao pai do ex-prefeito de E.C. Santo Andr\u00e9, Celso Daniel. &nbsp; Dados Principais sobre a Cidade de Santo Andr\u00e9 Anivers\u00e1rio : 8 de Abril Funda\u00e7\u00e3o: 1553 Gent\u00edlico: Andreense \u00c1rea: 174,840 Km\u00b2 Popula\u00e7\u00e3o 707.613 hab. (2014) IDH 0,835 &#8211; elevado Prefeitura Santo Andr\u00e9 Moradores ilustres de Santo Andr\u00e9 Hist\u00f3ria de <\/p>\n","protected":false},"author":1,"featured_media":0,"parent":0,"menu_order":0,"comment_status":"closed","ping_status":"closed","template":"","meta":{"footnotes":""},"class_list":["post-2533","page","type-page","status-publish","hentry"],"aioseo_notices":[],"_links":{"self":[{"href":"https:\/\/www.encontrasantoandre.com.br\/sobre\/wp-json\/wp\/v2\/pages\/2533","targetHints":{"allow":["GET"]}}],"collection":[{"href":"https:\/\/www.encontrasantoandre.com.br\/sobre\/wp-json\/wp\/v2\/pages"}],"about":[{"href":"https:\/\/www.encontrasantoandre.com.br\/sobre\/wp-json\/wp\/v2\/types\/page"}],"author":[{"embeddable":true,"href":"https:\/\/www.encontrasantoandre.com.br\/sobre\/wp-json\/wp\/v2\/users\/1"}],"replies":[{"embeddable":true,"href":"https:\/\/www.encontrasantoandre.com.br\/sobre\/wp-json\/wp\/v2\/comments?post=2533"}],"version-history":[{"count":0,"href":"https:\/\/www.encontrasantoandre.com.br\/sobre\/wp-json\/wp\/v2\/pages\/2533\/revisions"}],"wp:attachment":[{"href":"https:\/\/www.encontrasantoandre.com.br\/sobre\/wp-json\/wp\/v2\/media?parent=2533"}],"curies":[{"name":"wp","href":"https:\/\/api.w.org\/{rel}","templated":true}]}}